Let s be m + 21 - 1*4. What are the prime factors of (1 - -1)*235/s?
47
Let g(p) = -798*p**3 + 3*p**2 + p. Let w be g(-1). Suppose -350 = -5*b + w. What are the prime factors of b?
2, 5, 23
Suppose -23*q + 10740 = -8*q. List the prime factors of q.
2, 179
Suppose -5*r - 2*x - 45 = 17, 0 = r + 2*x + 6. Let z = r - -99. List the prime factors of z.
5, 17
Suppose -6127 = -5*k - 18*d + 15*d, -3*d = 2*k - 2458. List the prime factors of k.
1223
Let i(h) = 126*h**3 - 8*h**2 + 3*h - 4. What are the prime factors of i(3)?
5, 23, 29
Suppose 2*s = -31 - 19. Let p = s - -41. Let q = p + -14. List the prime factors of q.
2
Let p = -35 + 67. Suppose -l - k + p = 0, k + 12 = -2*k. List the prime factors of l.
2, 3
Let f be (-5 + 3)*(2 - 3). Suppose -f*c = -96 + 10. What are the prime factors of c?
43
Let a(p) = -p - 2. Let v be a(-5). Suppose 0*f = -5*r + 5*f + 55, -3*r - 5*f + 17 = 0. What are the prime factors of v/r + 24/9?
3
Let b(q) = -2*q**2 - 48*q - 53. List the prime factors of b(-17).
5, 37
What are the prime factors of (12 + (-9867)/52)*4/(-1)?
3, 79
Let i = 3796 + -2272. List the prime factors of i.
2, 3, 127
What are the prime factors of ((-2)/((-12)/26166) + -8)*1?
3, 1451
Suppose -4*o - 41 = 31. List the prime factors of 75*3*(-4)/o.
2, 5
Let h(c) = 5*c**2 + 24*c - 113. List the prime factors of h(-17).
2, 3, 7, 11
Suppose -2*y + 21 - 5 = 0. Suppose -5*f = -4*s + 19, y = s + s - 2*f. What are the prime factors of 6/(-7)*(s + -8)?
2, 3
Suppose -3*g = g + 12, 0 = -2*i + 5*g + 2405. List the prime factors of i.
5, 239
Let c be (-6)/42 + (-58)/(-14). Suppose 5*m - 70 = c*m. List the prime factors of m + -1 - (-3 + 3).
3, 23
Suppose 0 = 5*y + 2*q + 140, -5*y - 5*q + 2*q - 145 = 0. Let w = y + 26. Suppose w*i - i - 3*f = -72, -2*f - 275 = -5*i. What are the prime factors of i?
3, 19
Let p(t) = -t**3 - 18*t**2 - 10*t + 18. Suppose -4*o - 4*h = 60, -4*o - 2*h - 78 = -4*h. List the prime factors of p(o).
2, 3, 11
Let r(p) = p**2 - 6*p + 5. Let x be r(3). Let d(n) = n**2 + 5. Let i be d(x). Suppose -11*t = -8*t - i. What are the prime factors of t?
7
Let c be (1/(-2))/(1/(-4)). Suppose -c*k = -0 - 4. List the prime factors of k + 3 + -1 - -4.
2
Let b(u) = 4 + 0 - 16*u + 4 - 7. List the prime factors of b(-2).
3, 11
Let g = -1 + 4. Suppose g*x - 4*f = 100, 0 = -0*x - 4*x + f + 155. List the prime factors of x.
2, 5
Suppose y = 5*g + 17, 0 = -0*y + 3*y - 2*g - 12. Suppose 3*p + p = 2*r - 214, 0 = -5*r - y*p + 583. What are the prime factors of r?
5, 23
Let h = 948 + -592. List the prime factors of h.
2, 89
Let f(v) = v**2 + 16*v + 6. Let i be f(-14). Let z = 39 + i. List the prime factors of z.
17
Let c(z) = -2*z - 1. Let q be c(-2). Suppose 0*k = 3*s - q*k - 153, -k = 4*s - 199. List the prime factors of s.
2, 5
Suppose 5*o - 2984 = -2*a, 0 = 13*o - 11*o. List the prime factors of a.
2, 373
List the prime factors of (3 + 6 + -3521)*-1.
2, 439
Let g = 17 - 15. Let j be -81 + (-4)/(2 + g). Let d = -47 - j. What are the prime factors of d?
5, 7
Let w = 8526 + -5222. List the prime factors of w.
2, 7, 59
Let l = -1675 + 5104. List the prime factors of l.
3, 127
Suppose 0 = -6*i + 3*i. Suppose i = 4*y - 0 - 12. Suppose 0 = 2*w + y*w - 15. What are the prime factors of w?
3
Let f(y) = -y**2 + 8*y + 342. List the prime factors of f(0).
2, 3, 19
Let w = 17 - 15. Suppose 7*u = w*u - 235. Let j = u + 71. What are the prime factors of j?
2, 3
Let k(x) = -4*x**3 - 18*x**2 - 6*x - 8. List the prime factors of k(-5).
2, 3
Let l = 62 + -60. Suppose -z + 0*z = 4*r - 103, -2 = l*r. List the prime factors of z.
107
Let y = -10 + 15. Suppose 20 = -5*i, -14 = l - 2*l - 4*i. Suppose 0 = -y*u + 45 + l. What are the prime factors of u?
3, 5
Let i(g) = g**3 - 3*g**2 + 5*g - 4. Let v be i(2). Suppose -v = 2*c - 64. List the prime factors of c.
31
Suppose 2*b - 4 - 10 = 0. Suppose 0 = -b*i + i + 120. List the prime factors of i.
2, 5
Let q = 48 + 0. Let o = 22 - -4. Let y = q - o. What are the prime factors of y?
2, 11
Suppose -6 = 2*j + 8. Let h = j + 59. What are the prime factors of h?
2, 13
Suppose 0 = -4*h + 5*s + 251, -3*s - 61 = 6*h - 7*h. What are the prime factors of h?
2
Suppose 2*u + 3*u = -90. Let l(s) = s**3 + 8*s**2 + 4*s - 12. Let a be l(-6). Let z = a - u. List the prime factors of z.
2, 3
Let s(r) = -27*r + 377. List the prime factors of s(12).
53
Suppose 4*n - 17 = -5*d, -3*d - 3*n + 13 = d. List the prime factors of (8/6)/(d/45).
2, 3, 5
Let y(x) = 3*x**2 + 5*x - 1. Let j(f) = -3*f**2 - 6*f. Let l(u) = 6*j(u) + 7*y(u). List the prime factors of l(-5).
73
Let i(j) = 109*j + 314. What are the prime factors of i(10)?
2, 3, 13
Suppose 7*x - 1863 + 463 = 0. What are the prime factors of x?
2, 5
Let d = 217 + -101. Suppose 5*z = 2*a - 43 - d, -a + 3*z = -82. What are the prime factors of a?
67
Suppose 27 = -3*v + 5*j + 4222, j = -5*v + 6945. Suppose 0 = -4*m - 6*m + v. List the prime factors of m.
139
Suppose -2*m = 22 - 30. What are the prime factors of (119 - 3)/m - (-2 - -2)?
29
Suppose 0 = -8*n + 1568 + 2800. What are the prime factors of n?
2, 3, 7, 13
Suppose 171 = r - 172. Suppose o = 5*v - 3*o - r, -v - 2*o = -63. List the prime factors of v.
67
Let n(b) = b**3 - 4*b**2 - 17*b + 48. List the prime factors of n(11).
2, 3, 59
Let x(o) = o**3 + 13*o**2 + 11*o + 1. What are the prime factors of x(-10)?
191
Let j be ((-9)/5)/((-6)/20). Suppose -5*a + j + 109 = 0. Suppose -4*v + a = -85. What are the prime factors of v?
3
Suppose -3*x = 4*s + 15, 3*s - 36 = -2*x + 5*x. Let k(u) = -u**3 - 10*u**2 - 24*u - 22. List the prime factors of k(x).
113
Suppose 4*u + u + 20 = 0, 5*x + 978 = -2*u. Let i = 327 + x. List the prime factors of i.
7, 19
Suppose 9 = -5*g + 8*g. Suppose -9 = -6*a + g*a. Suppose 4*b - a*y - 117 = 0, -4*y - 14 = -4*b + 98. What are the prime factors of b?
3, 11
Suppose -651 - 579 = -5*o. List the prime factors of o.
2, 3, 41
Suppose -200*m + 6596 = -196*m. What are the prime factors of m?
17, 97
Let z = -788 - -1462. List the prime factors of z.
2, 337
Suppose -3*p + 636 = -0*p. Suppose 0 = y - 4*y - q - p, -y + 3*q - 74 = 0. Let o = -42 - y. List the prime factors of o.
29
Suppose 4*p + b = -77, -2*p = -3*p - 5*b - 43. Suppose 2 = -z, 3*z - 101 = -4*w + 97. Let o = w + p. List the prime factors of o.
3, 11
Let k be -2 + ((-299)/4)/((-1)/4). Suppose g = -2*g + k. What are the prime factors of g?
3, 11
Suppose 4*g - 41 = -y, -3*y + 4*g + 33 + 138 = 0. Suppose -2*z + r = -y, z - 102 = -2*z - 3*r. List the prime factors of z.
29
Let f = -4158 + 8551. List the prime factors of f.
23, 191
Let v be 9076*(-2)/36 - (-4)/18. Let m = v - -717. What are the prime factors of m?
3, 71
Let v = -354 - -1610. What are the prime factors of v?
2, 157
Suppose 3*h - 3541 = -7*t + 11*t, 5900 = 5*h - 5*t. What are the prime factors of h?
3, 131
Suppose -7*r + 4*r + 6 = 0. List the prime factors of (2/(-3))/((-4020)/2007 + r).
223
Suppose -17*t - 2*n = -15*t - 4118, 0 = -5*t - 4*n + 10293. List the prime factors of t.
11, 17
Let o(i) = -28*i + 46. Let u be o(14). What are the prime factors of 4*u/(-8) - -5?
2, 89
Let h(r) = -r**3 - 19*r**2 + 4*r + 11. What are the prime factors of h(-24)?
5, 13, 43
Suppose 17*j = 14*j + 60. Let a = 3 + -1. Suppose -4*h = j, a*h = -3*r + 6*h + 125. List the prime factors of r.
5, 7
Let o = 699 - -1109. What are the prime factors of o?
2, 113
Suppose 17*x - 14954 - 24571 = 0. List the prime factors of x.
3, 5, 31
Let i = 82 + -51. Suppose -i = -4*f + 213. List the prime factors of f.
61
Suppose -7*r + 1548 = -2792. List the prime factors of r.
2, 5, 31
Let o = -1362 + 1773. What are the prime factors of o?
3, 137
Suppose -2*s - 17 + 19 = 0. Suppose 3*y + 9 = 0, 0*f + y + s = -f. List the prime factors of f.
2
Let t(a) = -a**3 - 17*a**2 - 19*a + 11. Suppose 5*k + 21 = -h, -2*h + 4*k = 2*k + 30. What are the prime factors of t(h)?
59
Let h(d) = -d + 8. Let o be h(4). Let g = o - 69. List the prime factors of (-4)/26 - 1505/g.
23
Let b(w) = 1478*w**2 + 2*w - 3. What are the prime factors of b(-1)?
3, 491
Let n(g) = -4*g + 2. Let y be n(-1). Suppose -y*k + 4*k = -300. What are the prime factors of k?
2, 3, 5
Suppose -3*n = b - 2675, -1195 = 2*b - 4*n - 6525. What are the prime factors of b?
17, 157
Suppose m = -m. Let o(l) = -11*l**2 + 5*l**